mon factor of r and 11.
11
Let x be (-39)/(-2) - 24/16. Calculate the greatest common factor of 36 and x.
18
Let y be (10/4)/((-3)/(-6)). Let z be (-19 + -1)/((-2)/4). What is the greatest common factor of y and z?
5
Let m be (1 + -9)/(-2*1). Let d = m - 1. Suppose -d*g = 1 - 34. Calculate the highest common divisor of g and 11.
11
Suppose 4*f - 27 - 93 = 0. What is the greatest common divisor of 15 and f?
15
Let n be 1/3 + 11/(-33). Let z be (-2)/(-8) + 1433/(-4). Let x be n - (z/2 - -3). Calculate the highest common divisor of x and 22.
22
Let n(z) = 201*z - 1. Let v be n(6). Let f be 2/9 + v/45. What is the greatest common divisor of 9 and f?
9
Let a = 101 + -31. Let o be (-2)/(1 - 66/a). Let s = o + 57. Calculate the greatest common divisor of 176 and s.
22
Let y(q) = 40*q - 16. Let w be y(5). What is the highest common divisor of w and 8?
8
Suppose -2*c - 120 = -7*c. Let j be (-12)/(9/c*-2). Calculate the greatest common divisor of j and 32.
16
Let l be (1 - -2)/(1/4). Suppose 3*o - 109 - 71 = 0. Suppose m - o - 60 = 0. Calculate the greatest common factor of l and m.
12
Let p be (-1)/(2 + 7/(-3)). Suppose 20 = 7*q - p*q. Suppose -3*f - i + 18 = -f, -2*i = q*f - 47. What is the greatest common divisor of f and 1?
1
Let i = 34 - 24. Suppose -18 - 7 = -5*p. What is the highest common factor of i and p?
5
Suppose -j - 920 + 360 = -2*t, 0 = -5*j. What is the highest common divisor of t and 40?
40
Suppose 4*p = -16, -4*p + 21 - 7 = 3*j. Suppose -1 - 7 = -4*u. Calculate the highest common factor of u and j.
2
Suppose 3 = 2*o + 1. Let d be ((-6)/4)/((-4)/8). Suppose 5*w - 30 = -d*f, -5*w + 5*f - 1 = 9. Calculate the highest common factor of w and o.
1
Let z = -16 - -23. Calculate the greatest common factor of z and 7.
7
Let b = -1 - -3. Let r be b - -36 - (-1 + 0). Suppose -3 + r = a. Calculate the greatest common factor of 12 and a.
12
Let y be (26/7 - 2)*(7 + 0). What is the greatest common factor of 18 and y?
6
Let k be 2 + (-3)/3 - -287. Suppose 5*n - 2*n = -s + 96, -5*n = 3*s - k. Suppose 0 = -5*r + 3 + 57. Calculate the highest common divisor of s and r.
12
Suppose 0 = -10*g - 5 + 485. What is the highest common factor of 120 and g?
24
Let p(m) be the second derivative of m**5/20 + 5*m**4/12 + m**2 - 2*m. Let c be p(-4). Suppose -q + 0*q = -198. What is the highest common factor of q and c?
18
Let n be (-3)/6 - 70/(-4). Calculate the highest common factor of 153 and n.
17
Let t(p) = p**3 + p**2 - 4*p + 1. Let z be t(4). Let c = 9 - 9. Let o be 0/1 + c + 13. Calculate the highest common factor of z and o.
13
Let b = 161 - 105. What is the highest common factor of b and 14?
14
Let d = -52 - -77. Calculate the highest common divisor of d and 125.
25
Suppose -2*z + 170 = 2*k, -2*k + k = -3*z + 251. Let f be ((-1)/2)/(5/(-20)). Let w be 4*(f + 1 + 0). What is the highest common divisor of w and z?
12
Let k be ((-9)/(-18))/((-1)/(-4)). Suppose -2*f = k*f - 20. Let h be (-139)/(-4) + 5/20. Calculate the greatest common factor of h and f.
5
Let y be 39 - (6/8)/(3/(-12)). Let t = -37 - -65. Suppose 0*n - n = -t. What is the highest common factor of n and y?
14
Let j = 7 - -70. What is the greatest common factor of 7 and j?
7
Let j be 0 - -1 - (-3 + 1). Suppose -n - 4 = -m, -j - 5 = 5*m + 2*n. Suppose -f + 3 = u - m, 0 = -f + 3*u + 19. What is the greatest common divisor of 42 and f?
7
Let d(s) = -s**3 - 13*s**2 - 2*s - 16. Let b be d(-13). Calculate the highest common divisor of 70 and b.
10
Let i(b) = 51*b - 1. Let f be i(1). What is the highest common factor of 20 and f?
10
Let a(l) = -7*l + 21. Let h be a(-8). What is the greatest common divisor of h and 11?
11
Suppose -4*d + 72 = -m, 3*d + 2*m + m = 54. Calculate the greatest common factor of 18 and d.
18
Suppose -k = 4*z - 54, -k = -2*z + 3*k + 18. Calculate the highest common divisor of 377 and z.
13
Let q(m) = m**2 + m + 14. Let i be q(6). What is the highest common divisor of i and 84?
28
Let y(d) = d**3 - 2*d**2 + d + 2. Let b be y(4). Calculate the highest common divisor of b and 95.
19
Suppose -4*k = k - n - 70, -5*n + 27 = 4*k. What is the greatest common factor of k and 26?
13
Let i be ((-27)/(-4))/((64/(-8))/(-160)). Calculate the greatest common factor of i and 15.
15
Let a be -8*(-3)/(-18)*-3. Suppose -2*t = -10, a*d - t - 83 = -4*t. Calculate the greatest common factor of 153 and d.
17
Suppose -2*f + 15 + 7 = 0. What is the greatest common divisor of f and 121?
11
Suppose 2*n = n. Suppose u + n*u + 2*v - 28 = 0, 2*u - v = 61. Calculate the highest common factor of 20 and u.
10
Let m = 9 + -2. Calculate the highest common divisor of 42 and m.
7
Let k be 0*(-4)/(-24)*3. Suppose 2*p - 7*p + 140 = k. What is the highest common factor of 4 and p?
4
Let v(s) = -8*s**3 - s**2 + 3*s + 2. Suppose 6 = -5*x + n, 20 = x - 4*n + 6. Let j be v(x). Calculate the highest common factor of j and 7.
7
Let y be 16/6 - (-6)/(-9). Suppose -5*o + 6 = -4*o. Suppose 4*u = r + o, 0 = -u + y*u - 3. What is the highest common divisor of 24 and r?
6
Let z(x) = -x - 1. Let j = 3 + -6. Let q be z(j). Let r be (-138)/(-8) - q/8. What is the greatest common divisor of r and 119?
17
Let m(u) = 59*u**2 + 1. Let p be m(1). Calculate the greatest common factor of p and 45.
15
Let a be (-5)/1*72/(-45). Suppose -o = -0*o - 5*m - 82, 0 = -4*o - 3*m + 282. What is the highest common divisor of a and o?
8
Let c be (-4)/14 + 176/28. Suppose -c = -3*i + 21. Calculate the greatest common divisor of i and 63.
9
Let k = 7 - 5. Suppose 7*u + 7 = 2*u - 4*v, 4*u + k*v + 2 = 0. Calculate the highest common factor of u and 7.
1
Let p = 169 + -240. Let f = p + 141. What is the greatest common divisor of f and 14?
14
Let b = -29 - -69. Suppose 4*w + 4*x - b = 0, 4*w - 24 = -x + 10. What is the greatest common factor of 40 and w?
8
Let k = -16 - -15. Let o be (k - 2 - -2)*-4. What is the highest common factor of o and 4?
4
Let o be 6/2 - (-2 + 2). Suppose -127 + 7 = -o*w. Let c(m) = -m**3 - m**2 + 4*m + 4. Let q be c(-3). Calculate the greatest common divisor of w and q.
10
Let m = 12 - 7. Suppose 5*h = d - 54, d + 34 = 2*d + m*h. Calculate the highest common factor of d and 11.
11
Let n = 1 + 2. Suppose w = 3*u - 6, 1 = -4*w + 2*u - n. Suppose a + 0*a - 18 = w. What is the greatest common factor of a and 108?
18
Let z be (-286)/(-10) - (-2)/5. Calculate the highest common divisor of 87 and z.
29
Suppose u - 3*t = -19 + 229, -2*t + 460 = 2*u. What is the greatest common divisor of 45 and u?
45
Suppose 3*y = 2*y + 3, 3*r + 5*y = 69. Calculate the highest common factor of 18 and r.
18
Suppose -2*z - 2*z + 12 = 0. Suppose 2*p - 42 = t, -3*p + z*t + t = -58. Let h = -11 + p. What is the greatest common divisor of 55 and h?
11
Let o(j) = 87*j**3 - j**2 - j + 1. Let k be o(1). Suppose 2*v - 82 = -2*y, -y = v + v - k. Calculate the highest common divisor of v and 30.
15
Let t(p) = p + 1. Let q be t(1). What is the greatest common divisor of q and 8?
2
Suppose -2*w + 4*w + 5*a = 41, 3*a = w - 15. Let h be (-6)/(1*(-2 + 0)). Suppose -2*p = -h*p + 12. Calculate the highest common factor of w and p.
6
Let n be (-8)/24 - 770/(-6). What is the highest common divisor of 32 and n?
32
Let h be (12/(-2))/(6/(-30)). Calculate the highest common factor of 6 and h.
6
Let a be 4 - (1 - 0 - 2). Let g(u) = -2*u**2 - 21*u + 13. Let d be g(-9). What is the highest common factor of a and d?
5
Let i(z) = -z**2 - 6*z + 7. Let g be i(-7). Suppose -5*j + 0*j + 20 = g. What is the greatest common factor of 4 and j?
4
Let v = 33 - 6. Let k = 9 - 6. What is the highest common divisor of k and v?
3
Let i(k) = -28*k - 12. Let o be i(-6). What is the greatest common factor of 24 and o?
12
Let p be 35/4 + (-2)/(-8). Suppose -3*v + 280 = -v - 4*h, 4*v - h = 546. Let t = v - 37. Calculate the highest common divisor of t and p.
9
Suppose 2*p = 4*j - 64, -3*j + 39 = -3*p + 6*p. What is the greatest common factor of j and 3?
3
Let m(f) = 5*f**2 + 4*f + 3. Let i be m(-2). Let d = i + -11. Let s be d/14 - (-276)/14. What is the highest common divisor of s and 4?
4
Suppose -p = 4*h - 38, 2*p = 5*h + 4*p - 49. What is the greatest common factor of 99 and h?
9
Suppose 0 = 18*w - 802 - 1304. What is the greatest common divisor of 13 and w?
13
Let j be 4/16 - 3/12. Suppose -3*k 